Let i be u(-9). Suppose 5*y - i = -3*h + 9271, 15 = 3*h. Is y a composite number?
False
Suppose 28 = -2*t + 264. Let p(r) = -2*r**2 + 7*r - 1. Let a be p(4). Let d = a + t. Is d a composite number?
False
Let v(b) = 5*b**2 + 2*b**3 - 69*b + 70*b - b**3 - 4 + 0*b**2. Let w be v(-3). Suppose w*j - 8*j - 42 = 0. Is j composite?
True
Let k(a) = 1 + 4 - 3*a + 465*a**2 + a - 7 + 917*a**2. Suppose -5*t + 2 = 7. Is k(t) a prime number?
False
Suppose 0 = -4*h + 3*h + 4*f + 27, 43 = 4*h - 3*f. Is ((10 - h) + -61)*(-662)/4 composite?
True
Let l(r) = -71*r - 15. Let u = 110 - 126. Is l(u) a prime number?
False
Is (31 - 163020)*(2 - (2 - -1)) a composite number?
False
Let f(q) = -738*q**2 - 5*q - 22. Let x be f(5). Let v = 31768 + x. Is v a prime number?
False
Let d(s) = -1492*s - 9. Let p(h) = -h**3 + 9*h**2 - 15*h + 5. Let a be p(7). Let l be d(a). Let o = l - 1302. Is o prime?
False
Suppose -28*u + 37361 = -57335. Suppose d + 2*x = 2871, -5*x = -4*d + 14918 - u. Is d a composite number?
False
Suppose 49*x = -4207009 + 15087900. Is x prime?
True
Let w be 22/4 - (30/(-12) - -3). Suppose -27*f + w = -26*f. Let r(o) = o**3 + o**2 + 5*o + 10. Is r(f) a prime number?
False
Is 7/((-56)/(-7150370)) + 159/212 a prime number?
True
Let p = 14914 - -88393. Is p a composite number?
False
Let z(p) = -285*p**2 - 59. Let r(s) = 856*s**2 + s + 177. Let i(t) = 6*r(t) + 17*z(t). Is i(-4) composite?
False
Let g(v) = 146*v**2 - 3*v + 4. Suppose -4*c = z - 15, 51 = 5*c - 5*z + 1. Let f be -3 + (-8 - -3) + c. Is g(f) a composite number?
False
Suppose -2*w - 2*p = -6, 0 = 3*w - 5*p - 5 - 4. Suppose -2*c - 669 = -w*l - 3*c, 4*c + 223 = l. Is l a composite number?
False
Let b = 206771 + -97800. Is b a prime number?
True
Let w = 14164 + 89379. Is w a prime number?
False
Let i be (25 + -25)*(7/3 + -2). Suppose i = -w + 7*w - 4422. Is w a composite number?
True
Suppose -7*z + 4*z = -36. Suppose 9*l - z*l = -15. Suppose -l*u + 9*u = 3148. Is u composite?
False
Let d(m) = -m**2 + 7*m. Let x = -45 - -52. Let o be d(x). Suppose 2*q + 2*q = -3*b + 1989, -5*b - 3*q + 3326 = o. Is b a prime number?
False
Let a(f) = f - 1. Let w be a(5). Suppose 0 = -2*i + w*b + 10, -2*i - 2*i + 20 = -2*b. Is 1 - -693 - (-2 + i) a composite number?
False
Let k be 193*(-1 + 9 + -1). Suppose -4*l - k = -5*l. Is l a prime number?
False
Suppose d + 7 - 16 = 3*r, 5*r + 15 = 4*d. Let v be 1*-4 + 9 + d. Suppose -v*g = 5*b - 3935, -b + 465 = -5*g + 4400. Is g prime?
True
Let l be -13*(1 + 5 + -2). Let v = l - -52. Suppose -4*a - a + 1335 = v. Is a prime?
False
Suppose -410348 = -26*d + 131310. Is d a prime number?
False
Suppose 40*k - 32 = 32*k. Suppose -2*p = -k*u + 110582, 74*u - 69*u - 138220 = 5*p. Is u a composite number?
False
Let c be 1/(((-35)/(-63190))/7). Let f = -4545 + c. Is f a prime number?
True
Let j(i) = -2*i**3 - 70*i**2 + 30*i + 1373. Is j(-53) prime?
True
Let f(p) = 61*p**2 + 180*p + 165. Is f(34) prime?
True
Let f(a) = -2412*a**3 + 21*a**2 - 9*a - 13. Let v(g) = 603*g**3 - 5*g**2 + 2*g + 3. Let q(h) = 2*f(h) + 9*v(h). Suppose -3*j = -8*j + 10. Is q(j) prime?
True
Let u = 77 - 40. Let c(x) = 131*x + 21 - u - 37. Is c(8) a composite number?
True
Let j(l) = -47522*l**3 + 4*l**2 + 34*l + 55. Is j(-2) composite?
False
Suppose -11 + 124 = -4*g + 5*y, -3*y - 132 = 5*g. Is -1*72958/(-5) - g/(-45) a prime number?
True
Suppose y + 0 - 2 = -2*g, -5*g + 5 = -5*y. Let h be (-12)/(-54)*3 + 5300/6. Suppose y = -3*n + 37 + h. Is n a prime number?
True
Let d(t) = -2*t**3 - 2*t**2 - 3*t + 2314. Let s be d(0). Suppose y - o = s, y - 7*o + 11*o - 2289 = 0. Is y composite?
False
Suppose 0 = 10*s + 3*s - 65. Suppose s*d - 10019 = -3*z, 3*d = 2*z + 8654 - 2654. Let b = -405 + d. Is b a prime number?
True
Suppose -11 = -9*k + 16. Is (130/2)/(3/k) prime?
False
Let z = -929 - -931. Suppose 2*f + 4754 = 4*p, 0*p - z*p + 5*f + 2389 = 0. Is p prime?
True
Let f(g) = 2*g**2 + 29*g + 200. Is f(47) composite?
False
Suppose -2*o = -3*n - n + 98, 3*n = 5*o + 84. Let r(z) = -42 + 16 - n + 101*z. Is r(16) a prime number?
True
Let y = -119513 + 264142. Is y prime?
True
Let n = 1862600 + -424861. Is n composite?
False
Let m be (-6)/8 + 46/8. Suppose -550 = -2*n + m*j, 518 = 2*n + 4*j - j. Is n prime?
False
Suppose 0 = -6*l - 14 + 68. Suppose 0 = -17*c + l*c + 10488. Suppose 2*n - c = 1415. Is n a prime number?
False
Let w = 89 - 89. Suppose w = 3*b - 6*b + 15. Suppose 0 = -2*z + b*l + 724, -2*l - 1097 = -4*z + z. Is z a prime number?
True
Let z = -4205 - -1357. Let x be (3*(-2)/(-4))/((-12)/z). Let o = x + 21. Is o prime?
False
Is -3 + ((-8044)/(-3))/((-33)/((-45936)/32)) prime?
False
Suppose 0 = 5*y + 15, -639602 = -4*c + 31*y - 29*y. Is c prime?
True
Let t(v) = 10*v + 53. Let k be t(-5). Suppose 2277 - 12072 = -k*l. Is l prime?
False
Let f = -293 - -425. Let i(y) = 89*y**2 + f*y**2 - 63*y**2 - 1. Is i(1) a composite number?
False
Let c(d) = -4*d + 2. Let y(t) = 1916*t - 57. Let p(i) = -5*c(i) - y(i). Is p(-14) prime?
True
Let h(t) = -t**2 + 2*t + 11. Let i = -71 + 75. Let x be h(i). Suppose -x*c + 1560 = -3*w, c + 228 = -w + 746. Is c prime?
False
Suppose -6 = -b + 5*y, 0 = 21*y - 17*y. Suppose 15*v = -b*v + 5313. Is v prime?
False
Let t(z) = z**2 - 22*z + 26. Let u(q) = 3*q + 3. Let r be u(6). Let w be t(r). Suppose 4*i = 4*a + w*i - 513, 5*i + 15 = 0. Is a a prime number?
False
Let x(m) = 15*m**3 + 2*m**2 + 3*m - 2. Let g be x(-2). Is 6/g*-4*6905 a composite number?
False
Suppose 0 = 5*n, 0*z - 232 = 4*z - 3*n. Is 119549/9 - z/(-261) prime?
False
Let i be (-18)/(-3) + -6 - -3. Suppose 4*a = i*p + 19887, -a = -9*p + 6*p - 4974. Is a a prime number?
False
Let g(d) = 19*d + 85*d**2 + 15*d - 31*d + 23. Is g(-4) a prime number?
False
Suppose 0 = 10*q - 81225 - 616865. Is q a composite number?
False
Suppose 3*w - 16*l = -14*l + 16, -17 = -w + 3*l. Suppose -6*q - 4*a - 27621 = -7*q, -2*q + w*a + 55254 = 0. Is q composite?
True
Suppose 30 = 2*s - 8*s. Let x be (-2)/(-1)*s/(-20)*6. Is x/(-6) + (-2877)/(-6) prime?
True
Let z be 16940 - ((-1)/(-3))/(18/(-108)). Suppose -10*v = -z - 17788. Is v a composite number?
True
Let u = 121 + -119. Suppose -10 = -2*t, -u*t = 4*a + 2*t - 1696. Is a composite?
False
Suppose 91*m + 10 = 96*m. Suppose 6*z - 5*u - 16 = m*z, -3*z + 4*u = -12. Suppose 4*n = -z*k + 19538 - 5746, -4*k + 13832 = -4*n. Is k prime?
False
Let b(c) = 4*c**3 - c**2 - 3*c - 2. Let j be b(-1). Let q = -104 + j. Let r = 41 - q. Is r prime?
True
Suppose 3*q = 12, o - 4*q = -5*q + 234. Suppose -3*x = -2*x. Suppose x = -z - z + o. Is z prime?
False
Is (9070534/(-66) - -16)*6/(-2) a composite number?
False
Let l be (-2 + 2 - -63) + (1 - 2). Let a = l - 60. Suppose 2*d + 5793 = 7*d + a*r, -2320 = -2*d + 2*r. Is d composite?
True
Let j(s) = -146*s - 291. Let f be j(-2). Let k(q) be the third derivative of 23*q**6/3 + q**5/60 - q**4/24 + q**3/6 - q**2. Is k(f) a composite number?
True
Let f(j) = -5*j + 1. Let w be f(-1). Suppose w*k = k. Suppose k = 2*p + 3*p - 3895. Is p prime?
False
Let t(j) = j**3 + 10*j**2 - 6*j - 13. Let a be t(-10). Let d = a + 164. Is d a composite number?
False
Let q(d) = -4 + 1 - d - 1. Let v be q(-7). Suppose 9 = v*l - 480. Is l a composite number?
False
Suppose 96*m = 12113504 + 4251904. Is m prime?
True
Let h(j) = j**2 + 14*j + 28. Let m be h(-6). Is (-20285)/m*(-8)/(-2) a composite number?
False
Let w = -627195 + 890518. Is w a prime number?
True
Let o(g) = 55 - 62 + g - 2*g. Let w be o(-6). Is (-3)/(-9) - w/((-9)/(-6648)) composite?
False
Let i(v) = -58*v**3 - 8*v**2 - 64*v - 1. Is i(-9) composite?
False
Is (5 + -4)*((-824427)/(-36) - (-1)/4) composite?
False
Is ((-1)/10)/((-58)/155673740) a composite number?
False
Let m = 169578 - 65879. Is m prime?
True
Let a = 38505 - 16114. Is a a prime number?
True
Suppose -3*x - 5*z + 3 = -0, 3*z = -5*x + 21. Is (41/x - 7) + 60086/12 prime?
False
Is 1190310/24 + -1 + (-56)/(-32) prime?
True
Suppose 154457 = 3*s - 5*y, 3*s - 154421 = -48*y + 44*y. Is s composite?
False
Let c(n) = -188*n**3 + 34*n**2 - 43*n - 3. Is c(-8) prime?
True
Let m(n) = -5548*n**3 - 10*n**2 - 9*n - 161. Is m(-6) prime?
True
Suppose -7*w + 12*w + 3*s - 6 = 0, s - 2 = -2*w. Is (w + -2)*(-7 - 58 - 2) a composite number?
True
Let j = 717 - 713. Suppose -3*w - j*l = -2113, 854 + 1982 = 4*w - 4*l. Is w